 is the thousands digit of 406821?
6
What is the hundred thousands digit of 6545095?
5
What is the hundred thousands digit of 111915?
1
What is the tens digit of 356475?
7
What is the ten thousands digit of 690753?
9
What is the thousands digit of 962787?
2
What is the units digit of 7300391?
1
What is the ten thousands digit of 25274097?
7
What is the units digit of 167770?
0
What is the units digit of 202850?
0
What is the millions digit of 3213535?
3
What is the thousands digit of 184158?
4
What is the hundred thousands digit of 3323238?
3
What is the tens digit of 27927121?
2
What is the hundreds digit of 481379?
3
What is the tens digit of 8976697?
9
What is the hundred thousands digit of 2329889?
3
What is the ten thousands digit of 2254298?
5
What is the hundreds digit of 1765046?
0
What is the hundreds digit of 1662547?
5
What is the tens digit of 3840201?
0
What is the hundred thousands digit of 171970?
1
What is the tens digit of 5582496?
9
What is the units digit of 10290510?
0
What is the ten thousands digit of 10222?
1
What is the hundreds digit of 4411601?
6
What is the hundreds digit of 164527?
5
What is the units digit of 147413?
3
What is the units digit of 4064497?
7
What is the tens digit of 2950050?
5
What is the thousands digit of 510881?
0
What is the hundred thousands digit of 3180398?
1
What is the hundred thousands digit of 1147951?
1
What is the thousands digit of 23278420?
8
What is the hundreds digit of 150291?
2
What is the hundred thousands digit of 353568?
3
What is the tens digit of 4289734?
3
What is the tens digit of 78741?
4
What is the units digit of 24309728?
8
What is the hundreds digit of 1777260?
2
What is the tens digit of 15738529?
2
What is the thousands digit of 1221628?
1
What is the hundreds digit of 418752?
7
What is the hundreds digit of 7574609?
6
What is the hundreds digit of 3887205?
2
What is the units digit of 327485?
5
What is the thousands digit of 79238?
9
What is the millions digit of 2788860?
2
What is the units digit of 9975305?
5
What is the ten millions digit of 13763082?
1
What is the hundreds digit of 19149?
1
What is the hundreds digit of 212804?
8
What is the thousands digit of 1052375?
2
What is the ten thousands digit of 8883917?
8
What is the hundreds digit of 2669346?
3
What is the ten thousands digit of 316723?
1
What is the tens digit of 984931?
3
What is the tens digit of 1047786?
8
What is the hundreds digit of 191161?
1
What is the tens digit of 470002?
0
What is the thousands digit of 967940?
7
What is the millions digit of 1286119?
1
What is the thousands digit of 2415569?
5
What is the hundreds digit of 955136?
1
What is the tens digit of 2463438?
3
What is the ten thousands digit of 23843879?
4
What is the units digit of 1927042?
2
What is the ten thousands digit of 8612518?
1
What is the thousands digit of 413620?
3
What is the tens digit of 1984585?
8
What is the units digit of 512660?
0
What is the hundreds digit of 850288?
2
What is the units digit of 10059423?
3
What is the thousands digit of 2176942?
6
What is the ten thousands digit of 2040270?
4
What is the hundred thousands digit of 10529032?
5
What is the millions digit of 5272799?
5
What is the tens digit of 128453?
5
What is the hundred thousands digit of 14453164?
4
What is the millions digit of 2713760?
2
What is the units digit of 55414?
4
What is the thousands digit of 899888?
9
What is the hundreds digit of 824353?
3
What is the thousands digit of 968616?
8
What is the hundreds digit of 81687?
6
What is the units digit of 65814?
4
What is the ten thousands digit of 5643023?
4
What is the hundreds digit of 399982?
9
What is the tens digit of 779079?
7
What is the units digit of 8656761?
1
What is the ten thousands digit of 291580?
9
What is the ten thousands digit of 9223713?
2
What is the units digit of 648628?
8
What is the ten thousands digit of 327599?
2
What is the hundreds digit of 337492?
4
What is the thousands digit of 81581?
1
What is the tens digit of 5333419?
1
What is the thousands digit of 53556?
3
What is the hundreds digit of 4723540?
5
What is the thousands digit of 891826?
1
What is the ten thousands digit of 3790030?
9
What is the hundred thousands digit of 865683?
8
What is the hundred thousands digit of 228646?
2
What is the hundreds digit of 793594?
5
What is the hundreds digit of 10062756?
7
What is the hundreds digit of 12884086?
0
What is the hundreds digit of 239017?
0
What is the thousands digit of 881119?
1
What is the thousands digit of 7178363?
8
What is the ten thousands digit of 11042414?
4
What is the ten thousands digit of 17218641?
1
What is the units digit of 218134?
4
What is the hundred thousands digit of 354514?
3
What is the millions digit of 8208955?
8
What is the ten thousands digit of 5562211?
6
What is the hundred thousands digit of 1056290?
0
What is the tens digit of 926614?
1
What is the ten thousands digit of 1236939?
3
What is the ten thousands digit of 1070969?
7
What is the hundred thousands digit of 951301?
9
What is the units digit of 491387?
7
What is the millions digit of 3629054?
3
What is the hundred thousands digit of 230932?
2
What is the hundred thousands digit of 295165?
2
What is the tens digit of 1981168?
6
What is the thousands digit of 21123393?
3
What is the ten thousands digit of 1875214?
7
What is the hundred thousands digit of 156712?
1
What is the thousands digit of 8155539?
5
What is the thousands digit of 4931976?
1
What is the tens digit of 675573?
7
What is the hundreds digit of 678008?
0
What is the thousands digit of 3431?
3
What is the hundred thousands digit of 1650238?
6
What is the units digit of 224869?
9
What is the units digit of 10772255?
5
What is the hundreds digit of 318763?
7
What is the thousands digit of 560777?
0
What is the hundreds digit of 31148?
1
What is the hundreds digit of 2559566?
5
What is the millions digit of 7611048?
7
What is the units digit of 2849081?
1
What is the ten thousands digit of 2150012?
5
What is the hundred thousands digit of 325093?
3
What is the hundred thousands digit of 2122671?
1
What is the hundreds digit of 10107292?
2
What is the thousands digit of 15081932?
1
What is the ten thousands digit of 349431?
4
What is the hundred thousands digit of 18338147?
3
What is the tens digit of 3060075?
7
What is the units digit of 1787737?
7
What is the hundred thousands digit of 14329415?
3
What is the tens digit of 22218041?
4
What is the hundreds digit of 557237?
2
What is the hundred thousands digit of 220412?
2
What is the ten thousands digit of 249598?
4
What is the ten thousands digit of 890406?
9
What is the tens digit of 1483869?
6
What is the tens digit of 482293?
9
What is the millions digit of 1023792?
1
What is the thousands digit of 421559?
1
What is the hundred thousands digit of 227312?
2
What is the ten thousands digit of 584789?
8
What is the millions digit of 12110392?
2
What is the units digit of 563671?
1
What is the ten thousands digit of 507615?
0
What is the hundreds digit of 291364?
3
What is the hundreds digit of 17600134?
1
What is the thousands digit of 10111282?
1
What is the millions digit of 4957145?
4
What is the hundreds digit of 272959?
9
What is the units digit of 1085413?
3
What is the thousands digit of 9726630?
6
What is the tens digit of 451834?
3
What is the millions digit of 2581514?
2
What is the hundreds digit of 172886?
8
What is the hundred thousands digit of 683916?
6
What is the tens digit of 31435625?
2
What is the ten thousands digit of 529648?
2
What is the tens digit of 400369?
6
What is the tens digit of 411976?
7
What is the ten thousands digit of 19101889?
0
What is the tens digit of 1789472?
7
What is the thousands digit of 1939301?
9
What is the hundreds digit of 3663390?
3
What is the tens digit of 1460359?
5
What is the tens digit of 3789458?
5
What is the units digit of 733239?
9
What is the millions digit of 1628137?
1
What is the tens digit of 1586238?
3
What is the units digit of 1282926?
6
What is the hundreds digit of 683596?
5
What is the units digit of 347317?
7
What is the units digit of 10251223?
3
What is the hundred thousands digit of 25446280?
4
What is the ten thousands digit of 1134786?
3
What is the tens digit of 